s digit of 65535?
3
What is the tens digit of 72066?
6
What is the hundred thousands digit of 13232607?
2
What is the tens digit of 7439811?
1
What is the thousands digit of 5238248?
8
What is the units digit of 71384?
4
What is the hundred thousands digit of 2769383?
7
What is the ten thousands digit of 1265154?
6
What is the hundred thousands digit of 10151882?
1
What is the units digit of 9004401?
1
What is the tens digit of 2230876?
7
What is the tens digit of 1005161?
6
What is the tens digit of 4889371?
7
What is the hundred thousands digit of 19247013?
2
What is the units digit of 18237236?
6
What is the hundred thousands digit of 4376507?
3
What is the hundreds digit of 4975462?
4
What is the thousands digit of 38133897?
3
What is the tens digit of 23221451?
5
What is the millions digit of 5252560?
5
What is the millions digit of 12060836?
2
What is the millions digit of 12122554?
2
What is the ten thousands digit of 445542?
4
What is the thousands digit of 157391?
7
What is the units digit of 3284843?
3
What is the tens digit of 241590?
9
What is the ten thousands digit of 8355703?
5
What is the hundred thousands digit of 195981?
1
What is the ten millions digit of 17946487?
1
What is the thousands digit of 8300944?
0
What is the hundred thousands digit of 5050015?
0
What is the ten thousands digit of 432108?
3
What is the ten thousands digit of 207462?
0
What is the thousands digit of 128551?
8
What is the thousands digit of 8728138?
8
What is the units digit of 579713?
3
What is the millions digit of 7673442?
7
What is the hundreds digit of 199093?
0
What is the thousands digit of 3353582?
3
What is the hundred thousands digit of 16732595?
7
What is the ten thousands digit of 5000618?
0
What is the thousands digit of 181023?
1
What is the thousands digit of 828576?
8
What is the hundred thousands digit of 201867?
2
What is the millions digit of 18604844?
8
What is the units digit of 2905472?
2
What is the units digit of 340236?
6
What is the hundreds digit of 1517459?
4
What is the tens digit of 1636556?
5
What is the hundred thousands digit of 380844?
3
What is the hundreds digit of 267524?
5
What is the ten thousands digit of 625250?
2
What is the tens digit of 187888?
8
What is the hundreds digit of 468185?
1
What is the tens digit of 2596071?
7
What is the millions digit of 1502449?
1
What is the tens digit of 8110395?
9
What is the tens digit of 137101?
0
What is the millions digit of 10146681?
0
What is the tens digit of 10985924?
2
What is the units digit of 6974171?
1
What is the thousands digit of 5570?
5
What is the units digit of 42325?
5
What is the ten thousands digit of 2530604?
3
What is the ten millions digit of 29972553?
2
What is the millions digit of 13529359?
3
What is the thousands digit of 251750?
1
What is the ten thousands digit of 956226?
5
What is the units digit of 127969?
9
What is the hundreds digit of 9855855?
8
What is the ten millions digit of 10360635?
1
What is the hundred thousands digit of 193641?
1
What is the ten thousands digit of 4749225?
4
What is the millions digit of 1034001?
1
What is the ten thousands digit of 401514?
0
What is the ten millions digit of 38452035?
3
What is the ten thousands digit of 53907?
5
What is the hundred thousands digit of 431131?
4
What is the ten thousands digit of 638917?
3
What is the hundreds digit of 684160?
1
What is the hundreds digit of 4305?
3
What is the ten thousands digit of 571827?
7
What is the thousands digit of 723008?
3
What is the units digit of 171384?
4
What is the thousands digit of 399447?
9
What is the hundred thousands digit of 649458?
6
What is the tens digit of 24803679?
7
What is the tens digit of 7655505?
0
What is the hundreds digit of 926214?
2
What is the thousands digit of 1268272?
8
What is the ten thousands digit of 160705?
6
What is the thousands digit of 1243128?
3
What is the hundreds digit of 1144590?
5
What is the tens digit of 3740729?
2
What is the ten thousands digit of 345321?
4
What is the hundreds digit of 13573570?
5
What is the ten thousands digit of 5939029?
3
What is the ten thousands digit of 851187?
5
What is the ten thousands digit of 143422?
4
What is the thousands digit of 2214500?
4
What is the units digit of 13838008?
8
What is the hundred thousands digit of 26191492?
1
What is the thousands digit of 338638?
8
What is the ten thousands digit of 46856?
4
What is the tens digit of 87121?
2
What is the hundreds digit of 347389?
3
What is the hundred thousands digit of 7116531?
1
What is the thousands digit of 357123?
7
What is the thousands digit of 43249?
3
What is the hundreds digit of 690297?
2
What is the thousands digit of 1913710?
3
What is the hundreds digit of 6279987?
9
What is the hundred thousands digit of 7836906?
8
What is the hundreds digit of 488381?
3
What is the tens digit of 1203265?
6
What is the units digit of 1293022?
2
What is the hundred thousands digit of 25002058?
0
What is the ten thousands digit of 4182838?
8
What is the thousands digit of 22399313?
9
What is the ten thousands digit of 2415015?
1
What is the thousands digit of 489789?
9
What is the ten thousands digit of 293910?
9
What is the hundred thousands digit of 3694523?
6
What is the ten thousands digit of 257960?
5
What is the thousands digit of 479678?
9
What is the tens digit of 886751?
5
What is the millions digit of 11483066?
1
What is the thousands digit of 1865009?
5
What is the hundred thousands digit of 371202?
3
What is the hundreds digit of 88602?
6
What is the thousands digit of 14655412?
5
What is the hundreds digit of 9289210?
2
What is the hundred thousands digit of 215913?
2
What is the hundred thousands digit of 1138308?
1
What is the hundred thousands digit of 239541?
2
What is the tens digit of 796745?
4
What is the hundreds digit of 765491?
4
What is the thousands digit of 148706?
8
What is the thousands digit of 20314560?
4
What is the thousands digit of 303312?
3
What is the tens digit of 2711469?
6
What is the millions digit of 12186174?
2
What is the thousands digit of 171435?
1
What is the millions digit of 2121325?
2
What is the hundreds digit of 20449259?
2
What is the tens digit of 310388?
8
What is the units digit of 4340447?
7
What is the hundred thousands digit of 4681743?
6
What is the hundred thousands digit of 272110?
2
What is the hundred thousands digit of 481285?
4
What is the millions digit of 1078222?
1
What is the units digit of 955799?
9
What is the units digit of 176770?
0
What is the millions digit of 32489661?
2
What is the ten thousands digit of 436615?
3
What is the hundred thousands digit of 5065248?
0
What is the tens digit of 3591349?
4
What is the thousands digit of 50806?
0
What is the thousands digit of 406362?
6
What is the hundred thousands digit of 18808760?
8
What is the thousands digit of 2613215?
3
What is the ten thousands digit of 4538774?
3
What is the hundreds digit of 128840?
8
What is the hundred thousands digit of 241646?
2
What is the hundreds digit of 2672474?
4
What is the thousands digit of 3545755?
5
What is the thousands digit of 83496?
3
What is the tens digit of 12256498?
9
What is the hundreds digit of 229945?
9
What is the hundreds digit of 1030195?
1
What is the hundreds digit of 85100?
1
What is the ten thousands digit of 121205?
2
What is the tens digit of 98165?
6
What is the hundred thousands digit of 6632065?
6
What is the tens digit of 2988386?
8
What is the hundred thousands digit of 672685?
6
What is the thousands digit of 3637380?
7
What is the hundreds digit of 453090?
0
What is the hundreds digit of 307627?
6
What is the units digit of 862726?
6
What is the hundred thousands digit of 28827479?
8
What is the units digit of 3282544?
4
What is the hundreds digit of 2950651?
6
What is the hundred thousands digit of 119887?
1
What is the tens digit of 3318025?
2
What is the thousands digit of 1172153?
2
What is the ten thousands digit of 2151621?
5
What is the tens digit of 286586?
8
What is the tens digit of 417328?
2
What is the hundreds digit of 2166179?
1
What is the ten thousands digit of 1773028?
7
What is the units digit of 5664256?
6
What is the tens digit of 170688?
8
What is the units digit of 549570?
0
What is the hundreds digit of